5989 a multiple of 85?
False
Is 46323630 a multiple of 666?
True
Does 27 divide 45511335?
True
Does 69 divide 34154655?
True
Does 11 divide 226414463?
True
Is 2193040 a multiple of 40?
True
Does 1962 divide 56523258?
True
Does 3280 divide 789818562?
False
Is 85442079 a multiple of 943?
False
Is 68379630 a multiple of 364?
False
Is 27055192 a multiple of 394?
True
Is 148 a factor of 703226265?
False
Is 1519 a factor of 138385357?
False
Does 7 divide 170316464?
False
Is 160454312 a multiple of 42?
False
Is 23 a factor of 384296558?
True
Is 386328096 a multiple of 32?
True
Is 58 a factor of 28932533?
False
Does 220 divide 1098873207?
False
Is 233 a factor of 231160465?
True
Is 25935237 a multiple of 265?
False
Is 98869622 a multiple of 81?
False
Does 219 divide 21363231?
True
Does 10 divide 353120580?
True
Is 479162406 a multiple of 686?
False
Does 1111 divide 114810207?
False
Does 198 divide 6035391?
False
Is 624377146 a multiple of 37?
True
Is 195 a factor of 5661825?
True
Is 2648 a factor of 319907528?
True
Is 36004640 a multiple of 35?
True
Is 3744455 a multiple of 574?
False
Does 199 divide 99530292?
False
Is 285 a factor of 263999205?
True
Is 3901370 a multiple of 423?
False
Does 588 divide 48625930?
False
Does 268 divide 9294084?
False
Does 726 divide 28102734?
True
Is 197642958 a multiple of 13?
False
Is 901 a factor of 6738579?
True
Does 109 divide 236013776?
True
Is 524 a factor of 1922514080?
True
Is 82639056 a multiple of 632?
True
Is 139 a factor of 32683400?
False
Does 21 divide 289364215?
False
Is 276822864 a multiple of 116?
True
Does 241 divide 57727453?
True
Is 27 a factor of 44094677?
False
Does 175 divide 1238279114?
False
Is 26 a factor of 332662?
False
Is 8 a factor of 65038800?
True
Is 129 a factor of 18198943?
False
Is 147297480 a multiple of 110?
True
Does 703 divide 57628379?
False
Does 82 divide 1486714202?
True
Is 1338945 a multiple of 23?
True
Is 11 a factor of 19112830?
True
Does 22 divide 395061898?
True
Is 1299 a factor of 59266875?
True
Does 2284 divide 465655068?
True
Is 348218750 a multiple of 275?
True
Is 7462130 a multiple of 941?
True
Does 472 divide 12901491?
False
Is 25423670 a multiple of 17?
True
Does 255 divide 135362415?
True
Is 66 a factor of 206212542?
False
Is 7 a factor of 804827?
False
Is 262 a factor of 35570812?
False
Is 615724271 a multiple of 48?
False
Is 2806 a factor of 127963373?
False
Is 85 a factor of 2069471019?
False
Is 18715445 a multiple of 7?
True
Is 20 a factor of 23102760?
True
Does 132 divide 975088752?
True
Is 567176479 a multiple of 1968?
False
Is 164 a factor of 62347711?
False
Is 61 a factor of 511855575?
True
Is 38 a factor of 2071456?
True
Is 146 a factor of 17990922?
False
Is 187 a factor of 4931680071?
False
Is 1262944811 a multiple of 85?
False
Is 3757 a factor of 12071241?
True
Does 5 divide 188134587?
False
Is 938115451 a multiple of 721?
True
Does 126 divide 504556164?
True
Is 17 a factor of 12592315?
False
Is 3476 a factor of 105666924?
True
Is 828801245 a multiple of 76?
False
Is 864890736 a multiple of 492?
True
Is 43436687 a multiple of 49?
True
Is 1637 a factor of 126135761?
True
Does 17 divide 61421901?
True
Does 6134 divide 6343598780?
True
Is 1030 a factor of 21877194?
False
Does 245 divide 4379956617?
False
Does 6 divide 156633673?
False
Does 299 divide 450633365?
True
Is 17 a factor of 186808886?
True
Is 136 a factor of 286643120?
True
Is 869417119 a multiple of 727?
True
Is 105031953 a multiple of 13?
True
Does 51 divide 14980782?
False
Is 1437 a factor of 141317454?
True
Is 480849248 a multiple of 146?
True
Is 22452144 a multiple of 78?
True
Does 3 divide 123293924?
False
Is 10828598 a multiple of 11?
True
Is 1313539386 a multiple of 96?
False
Is 1190511284 a multiple of 31?
False
Does 225 divide 189650542?
False
Is 15859670 a multiple of 10?
True
Is 25 a factor of 5334061?
False
Is 2759679453 a multiple of 146?
False
Does 984 divide 333995184?
True
Does 220 divide 933591001?
False
Does 26 divide 3426514?
True
Is 807778076 a multiple of 1171?
False
Is 46 a factor of 3050355910?
True
Does 140 divide 57517427?
False
Is 411261390 a multiple of 414?
True
Does 879 divide 4787838?
False
Is 1079157518 a multiple of 57?
False
Does 13 divide 339750671?
True
Does 28 divide 1473164?
True
Is 47 a factor of 387293002?
False
Is 1562490440 a multiple of 196?
True
Is 10807595 a multiple of 395?
True
Is 61442868 a multiple of 1338?
False
Does 34 divide 873856542?
True
Does 1472 divide 2098140?
False
Does 4 divide 671333067?
False
Is 289 a factor of 789690188?
True
Is 87410200 a multiple of 106?
False
Does 704 divide 12833216?
True
Is 18 a factor of 1336148946?
True
Is 53901517 a multiple of 142?
False
Is 13 a factor of 55988106?
False
Is 93265521 a multiple of 101?
True
Does 14 divide 396693731?
False
Is 3730 a factor of 2070616383?
False
Is 177890535 a multiple of 47?
True
Does 856 divide 299579456?
True
Does 353 divide 157616360?
False
Does 4 divide 18119495?
False
Does 86 divide 201624678?
True
Is 158852914 a multiple of 5809?
True
Is 494 a factor of 13716700?
False
Does 62 divide 18604831?
False
Is 406 a factor of 100439871?
False
Is 1270344 a multiple of 19?
False
Is 129093328 a multiple of 91?
True
Is 178 a factor of 2096425440?
False
Does 29 divide 11222594?
True
Does 84 divide 5862039?
False
Does 11 divide 482504?
True
Is 69326686 a multiple of 1087?
True
Is 21 a factor of 9195748?
False
Is 177 a factor of 127991761?
False
Is 5 a factor of 140641579?
False
Is 2881245176 a multiple of 472?
True
Does 16 divide 77808589?
False
Is 11763240 a multiple of 366?
True
Is 425948098 a multiple of 131?
False
Does 5 divide 4808717?
False
Does 164 divide 18633352?
True
Is 217951530 a multiple of 29?
True
Is 227 a factor of 3054058?
True
Is 10 a factor of 89337514?
False
Is 44643396 a multiple of 321?
True
Does 2026 divide 138477100?
True
Is 1329 a factor of 150135801?
True
Is 35905663 a multiple of 27?
False
Is 18 a factor of 2053088478?
True
Is 3634 a factor of 204841312?
True
Is 2425 a factor of 106605425?
True
Does 27 divide 40527835?
False
Is 18 a factor of 28788642?
True
Does 1097 divide 16126119?
False
Is 8 a factor of 705392?
True
Does 14 divide 860427203?
False
Is 10 a factor of 1442899399?
False
Is 546 a factor of 254530487?
False
Is 1588 a factor of 109868991?
False
Is 207 a factor of 3300031986?
False
Does 287 divide 13875302?
True
Is 16 a factor of 188830336?
True
Is 221969905 a multiple of 211?
False
Is 6 a factor of 18399508?
False
Is 262 a factor of 929769618?
True
Does 10 divide 18420170?
True
Is 480681129 a multiple of 73?
True
Does 1461 divide 36786519?
True
Is 561 a factor of 443213562?
True
Does 52 divide 153956002?
False
Is 41534997 a multiple of 413?
True
Does 21 divide 25049955?
True
Is 4121535817 a multiple of 5509?
False
Does 340 divide 7094359?
False
Is 172 a factor of 1857373773?
False
Does 55 divide 3964483230?
False
Is 43 a factor of 11687357?
True
Is 29067681 a multiple of 9?
False
Is 288512880 a multiple of 1740?
True
Does 7 divide 10444897?
False
Does 3 divide 228244536?
True
Is 372615581 a multiple of 13?
True
Is 42639506 a multiple of 7?
True
Is 84037179 a multiple of 43?
True
Is 135 a factor of 583875?
True
Does 1989 divide 84224205?
True
Does 477 divide 621289584?
False
Is 4 a factor of 4138797?
False
Is 397 a factor of 197501505?
False
Is 94640882 a multiple of 126?
False
Does 22 divide 1801947098?
False
Is 42394870 a multiple of 35?
True
Is 46686585 a multiple of 339?
False
Does 69 divide 73243086?
True
Is 605046688 a multiple of 375?
False
Is 28 a factor of 4874409?
False
Is 136590164 a multiple of 778?
False
Does 21 divide 14795340?
True
Is 1807499974 a multiple of 10?
False
Does 7213 divide 1138794411?
False
Is 24765352 a multiple of 10?
False
Does 21 divide 2054119378?
False
Is 289427058 a multiple of 18?
True
Is 48 a factor of 1400111568?
True
Does 4199 divide 117706368?
True
Does 1777 divide 1438504455?
False
Is 13176125 a multiple of 5?
True
Does 65 divide 11433695?
True
Is 42725660 a multiple of 172?
True
Is 38 a factor of 43912888?
False
Does 443 divide 1364536159?
False
Is 45013926 a multiple of 51?
True
Does 771 divide 3559826505?
True
Is 2100873253 a multiple of 4010?
False
Is 224936573 a multiple of 2869?
False
Is 320896 a mu